 - 103 = -3*v - 17, -4*v = 12. What is the units digit of p?
9
Let n = -264 + 746. What is the hundreds digit of n?
4
Let a(x) = x + 16. Let g be a(-9). Suppose g*k + 5 = 8*k. Suppose 0 = -3*m + k*m - v - 121, 5*m + 4*v - 296 = 0. What is the units digit of m?
0
Let o(g) = -g**3 - 13*g**2 + 13*g - 12. Let r be o(-14). Let p = -14 + 18. Suppose 2*b = t - p*t, -r*b + 8 = t. What is the units digit of b?
6
Let i(n) = n**3 - 4*n + 167. What is the units digit of i(0)?
7
Suppose -2*w - 344 = -4*v, 3*w = -0*w - 5*v - 538. Let g = -98 - w. What is the tens digit of g?
7
Let m(p) = -p - 6. Let s be m(-6). Let z be (12*-2)/(-4) + 1. Let r = z - s. What is the units digit of r?
7
Let t(h) = h**3 - h**2 - h + 108. Let z be t(0). Suppose 278 = 3*f - p, -5*f + z = -3*p - 350. What is the tens digit of f?
9
Let o be 5/(-20)*-6*2. Suppose f - 2*k - 3*k - 211 = 0, -o*k + 396 = 2*f. What is the hundreds digit of f?
2
Suppose w + 2*w - 3525 = 0. What is the tens digit of w?
7
Let m(d) = 22*d**2 - 9*d - 76. What is the thousands digit of m(-10)?
2
Let w = 1801 - 642. What is the tens digit of w?
5
Let n = 310 + 142. What is the hundreds digit of n?
4
Suppose 37 = -b - 3*o, -2*o + 29 = 5*b + 162. Let c = b - -31. What is the units digit of c?
6
Let g = -101 + 1002. What is the tens digit of g?
0
Let v(d) = d - 7. Let t be v(8). Let p(f) = t - 4*f + 5*f + 1. What is the units digit of p(5)?
7
Let v(i) = i**3 + 26*i**2 + 11*i + 97. What is the units digit of v(-25)?
7
Let z(y) be the third derivative of -1/120*y**6 + 2/15*y**5 + 0 - 1/6*y**4 + 0*y - 1/6*y**3 - 2*y**2. What is the tens digit of z(7)?
2
Let f = -141 - 137. Let x = -99 - f. What is the units digit of x?
9
Suppose 0 = -3*z - 2*j - 0*j + 1770, -1178 = -2*z - 2*j. What is the hundreds digit of z?
5
Let n(l) = 34*l + 677. What is the tens digit of n(26)?
6
Let a(z) = -z**3 - 15*z**2 - 16*z + 3. Let q = 45 + -59. What is the tens digit of a(q)?
3
What is the tens digit of (-10)/(-45) + (-4417)/(-9) + 3?
9
Let o = -1444 + 3354. What is the hundreds digit of o?
9
Suppose 0 = 10*p - 11*p - 4. What is the units digit of p/((-8)/3) - (-199)/2?
1
What is the units digit of 2/(-13) + (4 - 447930/(-182))?
5
Let y(m) = -75*m + 128. What is the units digit of y(-10)?
8
Suppose -2*z = -4*p - 4384, -5*p - 14 = 6. What is the thousands digit of z?
2
Suppose -2*s = -5*s - 3*l + 165, -5*l = -3*s + 157. Suppose -3*z + z = -s. Suppose -w + z + 5 = 0. What is the units digit of w?
2
What is the units digit of 53/(-5*4/(-60))?
9
Suppose 6*y - 2*h + 714 = 2*y, 3*y + 525 = 5*h. What is the units digit of ((-36)/(-10))/(1 + 172/y)?
1
Let x(a) = -5*a**3 + 5*a**2 - 2*a + 40. What is the units digit of x(-6)?
2
Let p(z) = -6*z - 3 - 5*z**2 + 2*z + 3*z**2. Let j be p(-2). What is the units digit of (0 + (j - -2))*-1?
1
Suppose -1 = 3*k - 7. Let t be 22/(-33) + 2/3. Suppose -s - 2*w + 43 = t, k*s + 0*w - w = 86. What is the units digit of s?
3
Let l = 98 + 619. Suppose -3*b + 39 = -l. What is the tens digit of b?
5
Suppose 4*y + 3*s - 7255 = 0, 4664 = 5*y + 5*s - 4401. What is the thousands digit of y?
1
Let d = -625 + -803. What is the tens digit of (1/(-4))/(21/d)?
1
Let d(k) = 700*k**3 + 1. What is the tens digit of d(1)?
0
Let q(g) = -g**3 - g**2 - 1. Let d(v) = v + 1. Let b(o) = -d(o) + q(o). Let z be b(-2). Suppose -37 = -z*r + 67. What is the tens digit of r?
2
Let m = -27 + 31. Suppose -8*h + m*h + 8 = 0. What is the tens digit of 13*3/h*2?
3
Let b(c) = -c**2 - 6*c - 7. Let s be b(-2). Let g(o) = 26*o**2 - 2*o + 2. What is the units digit of g(s)?
6
Suppose 0 = -i + 2*c + 11, -4*i + 0*c = 4*c + 4. Suppose -10*k + 616 = -i*k. What is the tens digit of k?
8
Suppose -3*b = b - 8. Suppose 0*k + b = k. Let i = 38 - k. What is the units digit of i?
6
Suppose 10*i = 16979 + 3121. What is the tens digit of i?
1
Let h(k) be the second derivative of k - 7/2*k**2 + 1/6*k**3 + 0. What is the units digit of h(14)?
7
What is the units digit of (-62238)/(-23)*(-4)/(-8)?
3
Let l(y) = y**3 - 5*y**2 - 7*y + 6. Let r be l(6). Let w be r/((-3 - -7) + -3). Let s = 8 - w. What is the units digit of s?
8
Let m = 1120 + -11. Suppose 9*t + 200 = m. What is the tens digit of t?
0
Suppose 84 = 17*d - 13*d. Let p = 87 - d. What is the tens digit of p?
6
What is the units digit of 8/(-36) - 5566/(-99)?
6
Suppose 4 = -p + 2*t + 2, 4*p - 42 = -2*t. Suppose -354 = -14*n + p*n. What is the units digit of n?
9
Suppose 9*k - 14674 = -13*k. What is the tens digit of k?
6
Suppose 3*h - 1790 + 229 = 2*g, 2*h = -4*g + 1030. What is the tens digit of h?
1
What is the hundreds digit of 0 + (-36354)/(-45) - 2/(-15)?
8
Suppose 235 = 3*p - 320. What is the hundreds digit of p?
1
Let c be 7 - 4/4*4. Suppose -t + 120 = c*t. Suppose 0 = -w - 4*w + x + 72, 0 = -w - 5*x + t. What is the tens digit of w?
1
Suppose -3*o + z = -8, o + o - 4*z - 2 = 0. Suppose 15 = 5*a - 3*x + 1, -o*a - 3*x = 6. What is the units digit of 23 - 2 - (-3)/a?
4
Let p = -798 + 1061. What is the units digit of p?
3
Let t(s) = s + 14. Suppose p + 2*f = 4*p + 39, -5*p + f - 58 = 0. Let c be t(p). What is the units digit of (c*1)/((-30)/(-40))?
4
Let u = 16 - 10. Let r = 10 - u. Suppose -97 = -3*p - r*g, 42 = -4*p + 5*g + 130. What is the tens digit of p?
2
Suppose -159 = -l - 2*p, -l - 4*l + 5*p = -765. What is the hundreds digit of l?
1
Let w = -128 - -768. Suppose -2*q - 4*i + 320 = 0, 2*i = -2*q - 2*q + w. What is the tens digit of q?
6
Let v(d) be the third derivative of 3*d**4/8 - 7*d**2. What is the hundreds digit of v(12)?
1
Suppose 3*b + 260 = 3*f - 2*b, -3*b - 252 = -3*f. Suppose -85*m + f*m + 135 = 0. What is the units digit of m?
7
Let g(c) = c**3 + 14*c**2 - 11*c + 35. Let p be g(-15). What is the units digit of 188*(p/(-4) + -5)?
5
Let l be (12/(-21))/((-80)/(-28) + -3). Suppose 4*d = z - l*z + 405, -2*d + 3*z + 225 = 0. What is the tens digit of d?
0
Suppose h = 6*h - 25, 5*h = 3*w + 19. Suppose 0 = -t - w*x - 3, 4*t + 5*x = -19 - 8. Let q = -1 - t. What is the units digit of q?
2
Let c(u) = -15*u**2 - 4*u + 3. Let r be c(2). What is the tens digit of (r/(-20))/(1/12)?
3
Suppose -108 = 3*o + o. Suppose 0 = 5*j + w - 251, 2*j + 5*w = j + 31. Let i = j + o. What is the tens digit of i?
2
Suppose 0*z + 4*z = 0. Suppose z = 4*c, -3*k + 16 = c + 4. Suppose -4*i - k*g = -36, -4*i - 10 = 3*g - 49. What is the tens digit of i?
1
Let l(v) = -2*v**3 - 11*v**2 - 2*v - 30. What is the tens digit of l(-12)?
6
Let q(g) = 2*g + 6. Let u be q(-3). Suppose -i - 2 = u, -i - 114 = -w - 4*i. What is the tens digit of w?
2
Let s = 2 + 40. Suppose k - s = -12. What is the tens digit of k?
3
Let q = -19 + 24. Let v be 1/(3 + q/(-2)). Suppose v*j + 111 = 5*j. What is the tens digit of j?
3
Let h(q) = q**3 - 2*q**2 - 2*q. Let k be h(3). Suppose k*r + 3*y = 117, 5*y = 3*r + r - 147. What is the tens digit of r?
3
Let l(q) = q + 5. Let k be l(-3). Let b be k*((-36)/8 - -4). What is the tens digit of b/((-87)/(-90) + -1)?
3
Let q(p) = -p**3 - 5*p**2 - 7*p - 13. Let l be q(-4). What is the hundreds digit of l/(5/(-935)) + -1?
1
Let h = 11 - 6. Suppose 4*z = -z - h. Let l(u) = 27*u**2. What is the tens digit of l(z)?
2
Suppose 0*f + 2*f = -4*i + 6, -2 = 2*f. Suppose 38 = 2*d - 2*p, -3*d - i*p + 30 = -17. Let a = 30 - d. What is the tens digit of a?
1
Let o(v) = v**2 - 11*v + 13. Let k be o(12). What is the units digit of (-615)/(-6)*20/k?
2
Let d(s) be the third derivative of -s**6/120 - s**5/60 + s**4/24 + 2*s**3/3 + 3*s**2. Let z be d(0). Suppose -z*b + 8 = -40. What is the tens digit of b?
1
Let g be ((-2)/(-6))/(1/21). Suppose g = -0*m + 7*m. What is the units digit of m?
1
Let g = 288 + -117. What is the tens digit of g?
7
Let z = -25 + 29. Suppose -1085 = -5*m - t - 107, -t + 783 = z*m. What is the hundreds digit of m?
1
What is the units digit of (-2 + -5)/(-1) - -21?
8
Let d(m) = m**3 - 2*m**2 + 4*m - 16. Let t be d(3). Suppose k - 71 = -t*o, -2*k + o + 0*o + 131 = 0. What is the tens digit of k?
6
What is the hundreds digit of 25415/(-39)*(3 - 6)?
9
Suppose -94*s + 72*s = -12430. What is the hundreds digit of s?
5
Let h = 6 + 214. Suppose h = 2*v - 2*u, 5*v + 6*u = 2*u + 523. What is the hundreds digit of v?
1
Suppose 0*f - 2*f = -3*j, -2*j = 5*f - 19. Let c be (-23)/(-4) - j/(-8). What is the units dig